{"id":1056,"date":"2013-09-27T16:00:22","date_gmt":"2013-09-27T14:00:22","guid":{"rendered":"http:\/\/www.lamagdalenadeproust.com\/escuela-cocina-madrid\/?page_id=1056"},"modified":"2013-09-27T16:01:27","modified_gmt":"2013-09-27T14:01:27","slug":"politica-de-privacidad","status":"publish","type":"page","link":"https:\/\/www.lamagdalenadeproust.com\/info\/politica-de-privacidad\/","title":{"rendered":"Pol\u00edtica de privacidad"},"content":{"rendered":"<p><strong>RESPONSABILIDAD POR\u00a0 EL USO DE LA WEB<\/strong><\/p>\n<p>El Usuario es el \u00fanico responsable de las infracciones en las que pueda incurrir o de los perjuicios que pueda causar o causarse por la utilizaci\u00f3n del Web, quedando La Magdalena de Proust, exonerada de cualquier clase de responsabilidad que se pudiera derivar por las acciones del Usuario. El Usuario es el \u00fanico responsable frente a cualquier reclamaci\u00f3n o acci\u00f3n legal, judicial o extrajudicial, iniciada por terceras personas contra La Magdalena de Proust basada en la utilizaci\u00f3n por el Usuario del Web. En su caso, el Usuario asumir\u00e1 cuantos gastos, costes e indemnizaciones sean irrogados a La Magdalena de Proust con motivo de tales reclamaciones o acciones legales.<\/p>\n<p><strong>RESPONSABILIDAD POR\u00a0 EL FUNCIONAMIENTO DE LA WEB<\/strong><\/p>\n<p>La Magdalena de Proust excluye toda responsabilidad que se pudiera derivar de interferencias, omisiones, interrupciones, virus inform\u00e1ticos, aver\u00edas telef\u00f3nicas o desconexiones en el funcionamiento operativo del sistema electr\u00f3nico, motivado por causas ajenas a La Magdalena de Proust Asimismo, La Magdalena de Proust tambi\u00e9n excluye cualquier responsabilidad que pudiera derivarse por retrasos o bloqueos en el funcionamiento operativo de este sistema electr\u00f3nico causado por deficiencias o sobre carga en las l\u00edneas telef\u00f3nicas o en Internet, as\u00ed como de da\u00f1os causados por terceras personas mediante intromisiones ilegitimas fuera del control de La Magdalena de Proust<\/p>\n<p><strong>RESPONSABILIDAD POR LOS LINKS<\/strong><\/p>\n<p>La Magdalena de Proust declina toda responsabilidad respecto a la informaci\u00f3n que se halle fuera del Web ya que la funci\u00f3n de los links que aparecen es \u00fanicamente la de informar al Usuario sobre la existencia de otras fuentes de informaci\u00f3n sobre un tema en concreto. La Magdalena de Proust se exonera de toda responsabilidad por el correcto funcionamiento de tales enlaces, del resultado obtenido a trav\u00e9s de dichos enlaces, de la veracidad y licitud del contenido o informaci\u00f3n a la que se puede acceder as\u00ed como de los perjuicios que pueda sufrir en virtud de la informaci\u00f3n encontrada en la web enlazada.<\/p>\n<p><strong>FORMULARIOS<\/strong><\/p>\n<p>De conformidad con lo establecido en la Ley Org\u00e1nica 15\/1999, de Protecci\u00f3n de datos de Car\u00e1cter Personal, le informamos que los datos personales que constan en el formulario enviado se incorporar\u00e1n a un fichero titularidad de La Magdalena de Proust a efectos de gestionar las consultas y petici\u00f3n de informaci\u00f3n solicitada as\u00ed como para la promoci\u00f3n de los servicios que en cada momento ponga a disposici\u00f3n de sus clientes, o del p\u00fablico en general.<br \/>\nEn cualquier momento podr\u00e1 ejercitar los derechos de acceso, rectificaci\u00f3n, cancelaci\u00f3n y oposici\u00f3n al tratamiento de sus datos o alguna de las finalidades especificadas, mediante escrito dirigido a La Magdalena de Proust, C\/ Regueros 8, 28004-Madrid, para tratamientos efectuados por La Magdalena de Proust mencionando claramente su nombre, apellidos, direcci\u00f3n y petici\u00f3n que desea ejercitar.<\/p>\n<p><strong>SE ADVIERTE AL USUARIO QU E ESTA WEB UTILIZA COOKIES<\/strong><\/p>\n<p>Cualquier controversia surgida de la interpretaci\u00f3n o ejecuci\u00f3n del presente Aviso Legal se interpretar\u00e1 bajo la legislaci\u00f3n espa\u00f1ola. Asimismo, La Magdalena de Proust y el Usuario, con renuncia a cualquier otro fuero, se someten al de los juzgados y tribunales del domicilio del Usuario para cualquier controversia que pudiera surgir. En el caso de que el Usuario tenga su domicilio fuera de Espa\u00f1a, La Magdalena de Proust y el Usuario se someten a los juzgados y tribunales de la ciudad de Madrid.<\/p>\n<p>&nbsp;<\/p>\n<p>&nbsp;<\/p>\n","protected":false},"excerpt":{"rendered":"<p>RESPONSABILIDAD POR\u00a0 EL USO DE LA WEB El Usuario es el \u00fanico responsable de las infracciones en las que pueda incurrir o de los perjuicios que pueda causar o causarse por la utilizaci\u00f3n del Web, quedando La Magdalena de Proust, exonerada de cualquier clase de responsabilidad que se pudiera derivar por las acciones del Usuario.<\/p>\n","protected":false},"author":1,"featured_media":0,"parent":0,"menu_order":0,"comment_status":"closed","ping_status":"open","template":"","meta":{"footnotes":""},"class_list":["post-1056","page","type-page","status-publish","hentry"],"yoast_head":"<!-- This site is optimized with the Yoast SEO plugin v23.6 - https:\/\/yoast.com\/wordpress\/plugins\/seo\/ -->\n<title>Pol\u00edtica de privacidad - Obrador de Pan Artesano<\/title>\n<meta name=\"robots\" content=\"index, follow, max-snippet:-1, max-image-preview:large, max-video-preview:-1\" \/>\n<link rel=\"canonical\" href=\"https:\/\/www.lamagdalenadeproust.com\/info\/politica-de-privacidad\/\" \/>\n<meta property=\"og:locale\" content=\"es_ES\" \/>\n<meta property=\"og:type\" content=\"article\" \/>\n<meta property=\"og:title\" content=\"Pol\u00edtica de privacidad - Obrador de Pan Artesano\" \/>\n<meta property=\"og:description\" content=\"RESPONSABILIDAD POR\u00a0 EL USO DE LA WEB El Usuario es el \u00fanico responsable de las infracciones en las que pueda incurrir o de los perjuicios que pueda causar o causarse por la utilizaci\u00f3n del Web, quedando La Magdalena de Proust, exonerada de cualquier clase de responsabilidad que se pudiera derivar por las acciones del Usuario.\" \/>\n<meta property=\"og:url\" content=\"https:\/\/www.lamagdalenadeproust.com\/info\/politica-de-privacidad\/\" \/>\n<meta property=\"og:site_name\" content=\"Obrador de Pan Artesano\" \/>\n<meta property=\"article:modified_time\" content=\"2013-09-27T14:01:27+00:00\" \/>\n<meta name=\"twitter:label1\" content=\"Tiempo de lectura\" \/>\n\t<meta name=\"twitter:data1\" content=\"3 minutos\" \/>\n<script type=\"application\/ld+json\" class=\"yoast-schema-graph\">{\"@context\":\"https:\/\/schema.org\",\"@graph\":[{\"@type\":\"WebPage\",\"@id\":\"https:\/\/www.lamagdalenadeproust.com\/info\/politica-de-privacidad\/\",\"url\":\"https:\/\/www.lamagdalenadeproust.com\/info\/politica-de-privacidad\/\",\"name\":\"Pol\u00edtica de privacidad - Obrador de Pan Artesano\",\"isPartOf\":{\"@id\":\"https:\/\/www.lamagdalenadeproust.com\/info\/#website\"},\"datePublished\":\"2013-09-27T14:00:22+00:00\",\"dateModified\":\"2013-09-27T14:01:27+00:00\",\"breadcrumb\":{\"@id\":\"https:\/\/www.lamagdalenadeproust.com\/info\/politica-de-privacidad\/#breadcrumb\"},\"inLanguage\":\"es\",\"potentialAction\":[{\"@type\":\"ReadAction\",\"target\":[\"https:\/\/www.lamagdalenadeproust.com\/info\/politica-de-privacidad\/\"]}]},{\"@type\":\"BreadcrumbList\",\"@id\":\"https:\/\/www.lamagdalenadeproust.com\/info\/politica-de-privacidad\/#breadcrumb\",\"itemListElement\":[{\"@type\":\"ListItem\",\"position\":1,\"name\":\"Home\",\"item\":\"https:\/\/www.lamagdalenadeproust.com\/info\/\"},{\"@type\":\"ListItem\",\"position\":2,\"name\":\"Pol\u00edtica de privacidad\"}]},{\"@type\":\"WebSite\",\"@id\":\"https:\/\/www.lamagdalenadeproust.com\/info\/#website\",\"url\":\"https:\/\/www.lamagdalenadeproust.com\/info\/\",\"name\":\"Obrador de Pan Artesano\",\"description\":\"Obrador de pan artesanos en Madrid\",\"publisher\":{\"@id\":\"https:\/\/www.lamagdalenadeproust.com\/info\/#organization\"},\"potentialAction\":[{\"@type\":\"SearchAction\",\"target\":{\"@type\":\"EntryPoint\",\"urlTemplate\":\"https:\/\/www.lamagdalenadeproust.com\/info\/?s={search_term_string}\"},\"query-input\":{\"@type\":\"PropertyValueSpecification\",\"valueRequired\":true,\"valueName\":\"search_term_string\"}}],\"inLanguage\":\"es\"},{\"@type\":\"Organization\",\"@id\":\"https:\/\/www.lamagdalenadeproust.com\/info\/#organization\",\"name\":\"La Magdalena de Proust\",\"url\":\"https:\/\/www.lamagdalenadeproust.com\/info\/\",\"logo\":{\"@type\":\"ImageObject\",\"inLanguage\":\"es\",\"@id\":\"https:\/\/www.lamagdalenadeproust.com\/info\/#\/schema\/logo\/image\/\",\"url\":\"https:\/\/www.lamagdalenadeproust.com\/info\/wp-content\/uploads\/2016\/11\/Magadalena-Proust-Logo.png\",\"contentUrl\":\"https:\/\/www.lamagdalenadeproust.com\/info\/wp-content\/uploads\/2016\/11\/Magadalena-Proust-Logo.png\",\"width\":144,\"height\":105,\"caption\":\"La Magdalena de Proust\"},\"image\":{\"@id\":\"https:\/\/www.lamagdalenadeproust.com\/info\/#\/schema\/logo\/image\/\"}}]}<\/script>\n<!-- \/ Yoast SEO plugin. -->","yoast_head_json":{"title":"Pol\u00edtica de privacidad - Obrador de Pan Artesano","robots":{"index":"index","follow":"follow","max-snippet":"max-snippet:-1","max-image-preview":"max-image-preview:large","max-video-preview":"max-video-preview:-1"},"canonical":"https:\/\/www.lamagdalenadeproust.com\/info\/politica-de-privacidad\/","og_locale":"es_ES","og_type":"article","og_title":"Pol\u00edtica de privacidad - Obrador de Pan Artesano","og_description":"RESPONSABILIDAD POR\u00a0 EL USO DE LA WEB El Usuario es el \u00fanico responsable de las infracciones en las que pueda incurrir o de los perjuicios que pueda causar o causarse por la utilizaci\u00f3n del Web, quedando La Magdalena de Proust, exonerada de cualquier clase de responsabilidad que se pudiera derivar por las acciones del Usuario.","og_url":"https:\/\/www.lamagdalenadeproust.com\/info\/politica-de-privacidad\/","og_site_name":"Obrador de Pan Artesano","article_modified_time":"2013-09-27T14:01:27+00:00","twitter_misc":{"Tiempo de lectura":"3 minutos"},"schema":{"@context":"https:\/\/schema.org","@graph":[{"@type":"WebPage","@id":"https:\/\/www.lamagdalenadeproust.com\/info\/politica-de-privacidad\/","url":"https:\/\/www.lamagdalenadeproust.com\/info\/politica-de-privacidad\/","name":"Pol\u00edtica de privacidad - Obrador de Pan Artesano","isPartOf":{"@id":"https:\/\/www.lamagdalenadeproust.com\/info\/#website"},"datePublished":"2013-09-27T14:00:22+00:00","dateModified":"2013-09-27T14:01:27+00:00","breadcrumb":{"@id":"https:\/\/www.lamagdalenadeproust.com\/info\/politica-de-privacidad\/#breadcrumb"},"inLanguage":"es","potentialAction":[{"@type":"ReadAction","target":["https:\/\/www.lamagdalenadeproust.com\/info\/politica-de-privacidad\/"]}]},{"@type":"BreadcrumbList","@id":"https:\/\/www.lamagdalenadeproust.com\/info\/politica-de-privacidad\/#breadcrumb","itemListElement":[{"@type":"ListItem","position":1,"name":"Home","item":"https:\/\/www.lamagdalenadeproust.com\/info\/"},{"@type":"ListItem","position":2,"name":"Pol\u00edtica de privacidad"}]},{"@type":"WebSite","@id":"https:\/\/www.lamagdalenadeproust.com\/info\/#website","url":"https:\/\/www.lamagdalenadeproust.com\/info\/","name":"Obrador de Pan Artesano","description":"Obrador de pan artesanos en Madrid","publisher":{"@id":"https:\/\/www.lamagdalenadeproust.com\/info\/#organization"},"potentialAction":[{"@type":"SearchAction","target":{"@type":"EntryPoint","urlTemplate":"https:\/\/www.lamagdalenadeproust.com\/info\/?s={search_term_string}"},"query-input":{"@type":"PropertyValueSpecification","valueRequired":true,"valueName":"search_term_string"}}],"inLanguage":"es"},{"@type":"Organization","@id":"https:\/\/www.lamagdalenadeproust.com\/info\/#organization","name":"La Magdalena de Proust","url":"https:\/\/www.lamagdalenadeproust.com\/info\/","logo":{"@type":"ImageObject","inLanguage":"es","@id":"https:\/\/www.lamagdalenadeproust.com\/info\/#\/schema\/logo\/image\/","url":"https:\/\/www.lamagdalenadeproust.com\/info\/wp-content\/uploads\/2016\/11\/Magadalena-Proust-Logo.png","contentUrl":"https:\/\/www.lamagdalenadeproust.com\/info\/wp-content\/uploads\/2016\/11\/Magadalena-Proust-Logo.png","width":144,"height":105,"caption":"La Magdalena de Proust"},"image":{"@id":"https:\/\/www.lamagdalenadeproust.com\/info\/#\/schema\/logo\/image\/"}}]}},"_links":{"self":[{"href":"https:\/\/www.lamagdalenadeproust.com\/info\/wp-json\/wp\/v2\/pages\/1056","targetHints":{"allow":["GET"]}}],"collection":[{"href":"https:\/\/www.lamagdalenadeproust.com\/info\/wp-json\/wp\/v2\/pages"}],"about":[{"href":"https:\/\/www.lamagdalenadeproust.com\/info\/wp-json\/wp\/v2\/types\/page"}],"author":[{"embeddable":true,"href":"https:\/\/www.lamagdalenadeproust.com\/info\/wp-json\/wp\/v2\/users\/1"}],"replies":[{"embeddable":true,"href":"https:\/\/www.lamagdalenadeproust.com\/info\/wp-json\/wp\/v2\/comments?post=1056"}],"version-history":[{"count":3,"href":"https:\/\/www.lamagdalenadeproust.com\/info\/wp-json\/wp\/v2\/pages\/1056\/revisions"}],"predecessor-version":[{"id":2055,"href":"https:\/\/www.lamagdalenadeproust.com\/info\/wp-json\/wp\/v2\/pages\/1056\/revisions\/2055"}],"wp:attachment":[{"href":"https:\/\/www.lamagdalenadeproust.com\/info\/wp-json\/wp\/v2\/media?parent=1056"}],"curies":[{"name":"wp","href":"https:\/\/api.w.org\/{rel}","templated":true}]}}

Política de privacidad

<p><strong>RESPONSABILIDAD POR  EL USO DE LA WEB</strong></p>
<p>El Usuario es el único responsable de las infracciones en las que pueda incurrir o de los perjuicios que pueda causar o causarse por la utilización del Web, quedando La Magdalena de Proust, exonerada de cualquier clase de responsabilidad que se pudiera derivar por las acciones del Usuario. El Usuario es el único responsable frente a cualquier reclamación o acción legal, judicial o extrajudicial, iniciada por terceras personas contra La Magdalena de Proust basada en la utilización por el Usuario del Web. En su caso, el Usuario asumirá cuantos gastos, costes e indemnizaciones sean irrogados a La Magdalena de Proust con motivo de tales reclamaciones o acciones legales.</p>
<p><strong>RESPONSABILIDAD POR  EL FUNCIONAMIENTO DE LA WEB</strong></p>
<p>La Magdalena de Proust excluye toda responsabilidad que se pudiera derivar de interferencias, omisiones, interrupciones, virus informáticos, averías telefónicas o desconexiones en el funcionamiento operativo del sistema electrónico, motivado por causas ajenas a La Magdalena de Proust Asimismo, La Magdalena de Proust también excluye cualquier responsabilidad que pudiera derivarse por retrasos o bloqueos en el funcionamiento operativo de este sistema electrónico causado por deficiencias o sobre carga en las líneas telefónicas o en Internet, así como de daños causados por terceras personas mediante intromisiones ilegitimas fuera del control de La Magdalena de Proust</p>
<p><strong>RESPONSABILIDAD POR LOS LINKS</strong></p>
<p>La Magdalena de Proust declina toda responsabilidad respecto a la información que se halle fuera del Web ya que la función de los links que aparecen es únicamente la de informar al Usuario sobre la existencia de otras fuentes de información sobre un tema en concreto. La Magdalena de Proust se exonera de toda responsabilidad por el correcto funcionamiento de tales enlaces, del resultado obtenido a través de dichos enlaces, de la veracidad y licitud del contenido o información a la que se puede acceder así como de los perjuicios que pueda sufrir en virtud de la información encontrada en la web enlazada.</p>
<p><strong>FORMULARIOS</strong></p>
<p>De conformidad con lo establecido en la Ley Orgánica 15/1999, de Protección de datos de Carácter Personal, le informamos que los datos personales que constan en el formulario enviado se incorporarán a un fichero titularidad de La Magdalena de Proust a efectos de gestionar las consultas y petición de información solicitada así como para la promoción de los servicios que en cada momento ponga a disposición de sus clientes, o del público en general.<br />
En cualquier momento podrá ejercitar los derechos de acceso, rectificación, cancelación y oposición al tratamiento de sus datos o alguna de las finalidades especificadas, mediante escrito dirigido a La Magdalena de Proust, C/ Regueros 8, 28004-Madrid, para tratamientos efectuados por La Magdalena de Proust mencionando claramente su nombre, apellidos, dirección y petición que desea ejercitar.</p>
<p><strong>SE ADVIERTE AL USUARIO QU E ESTA WEB UTILIZA COOKIES</strong></p>
<p>Cualquier controversia surgida de la interpretación o ejecución del presente Aviso Legal se interpretará bajo la legislación española. Asimismo, La Magdalena de Proust y el Usuario, con renuncia a cualquier otro fuero, se someten al de los juzgados y tribunales del domicilio del Usuario para cualquier controversia que pudiera surgir. En el caso de que el Usuario tenga su domicilio fuera de España, La Magdalena de Proust y el Usuario se someten a los juzgados y tribunales de la ciudad de Madrid.</p>
<p>&nbsp;</p>
<p>&nbsp;</p>

<p>RESPONSABILIDAD POR  EL USO DE LA WEB El Usuario es el único responsable de las infracciones en las que pueda incurrir o de los perjuicios que pueda causar o causarse por la utilización del Web, quedando La Magdalena de Proust, exonerada de cualquier clase de responsabilidad que se pudiera derivar por las acciones del Usuario.</p>

<!-- This site is optimized with the Yoast SEO plugin v23.6 - https://yoast.com/wordpress/plugins/seo/ -->
<title>Política de privacidad - Obrador de Pan Artesano</title>
<meta name="robots" content="index, follow, max-snippet:-1, max-image-preview:large, max-video-preview:-1" />
<link rel="canonical" href="https://www.lamagdalenadeproust.com/info/politica-de-privacidad/" />
<meta property="og:locale" content="es_ES" />
<meta property="og:type" content="article" />
<meta property="og:title" content="Política de privacidad - Obrador de Pan Artesano" />
<meta property="og:description" content="RESPONSABILIDAD POR  EL USO DE LA WEB El Usuario es el único responsable de las infracciones en las que pueda incurrir o de los perjuicios que pueda causar o causarse por la utilización del Web, quedando La Magdalena de Proust, exonerada de cualquier clase de responsabilidad que se pudiera derivar por las acciones del Usuario." />
<meta property="og:url" content="https://www.lamagdalenadeproust.com/info/politica-de-privacidad/" />
<meta property="og:site_name" content="Obrador de Pan Artesano" />
<meta property="article:modified_time" content="2013-09-27T14:01:27+00:00" />
<meta name="twitter:label1" content="Tiempo de lectura" />
	<meta name="twitter:data1" content="3 minutos" />
<script type="application/ld+json" class="yoast-schema-graph">{"@context":"https://schema.org","@graph":[{"@type":"WebPage","@id":"https://www.lamagdalenadeproust.com/info/politica-de-privacidad/","url":"https://www.lamagdalenadeproust.com/info/politica-de-privacidad/","name":"Política de privacidad - Obrador de Pan Artesano","isPartOf":{"@id":"https://www.lamagdalenadeproust.com/info/#website"},"datePublished":"2013-09-27T14:00:22+00:00","dateModified":"2013-09-27T14:01:27+00:00","breadcrumb":{"@id":"https://www.lamagdalenadeproust.com/info/politica-de-privacidad/#breadcrumb"},"inLanguage":"es","potentialAction":[{"@type":"ReadAction","target":["https://www.lamagdalenadeproust.com/info/politica-de-privacidad/"]}]},{"@type":"BreadcrumbList","@id":"https://www.lamagdalenadeproust.com/info/politica-de-privacidad/#breadcrumb","itemListElement":[{"@type":"ListItem","position":1,"name":"Home","item":"https://www.lamagdalenadeproust.com/info/"},{"@type":"ListItem","position":2,"name":"Política de privacidad"}]},{"@type":"WebSite","@id":"https://www.lamagdalenadeproust.com/info/#website","url":"https://www.lamagdalenadeproust.com/info/","name":"Obrador de Pan Artesano","description":"Obrador de pan artesanos en Madrid","publisher":{"@id":"https://www.lamagdalenadeproust.com/info/#organization"},"potentialAction":[{"@type":"SearchAction","target":{"@type":"EntryPoint","urlTemplate":"https://www.lamagdalenadeproust.com/info/?s={search_term_string}"},"query-input":{"@type":"PropertyValueSpecification","valueRequired":true,"valueName":"search_term_string"}}],"inLanguage":"es"},{"@type":"Organization","@id":"https://www.lamagdalenadeproust.com/info/#organization","name":"La Magdalena de Proust","url":"https://www.lamagdalenadeproust.com/info/","logo":{"@type":"ImageObject","inLanguage":"es","@id":"https://www.lamagdalenadeproust.com/info/#/schema/logo/image/","url":"https://www.lamagdalenadeproust.com/info/wp-content/uploads/2016/11/Magadalena-Proust-Logo.png","contentUrl":"https://www.lamagdalenadeproust.com/info/wp-content/uploads/2016/11/Magadalena-Proust-Logo.png","width":144,"height":105,"caption":"La Magdalena de Proust"},"image":{"@id":"https://www.lamagdalenadeproust.com/info/#/schema/logo/image/"}}]}</script>
<!-- / Yoast SEO plugin. -->

Política de privacidad - Obrador de Pan Artesano

RESPONSABILIDAD POR  EL USO DE LA WEB El Usuario es el único responsable de las infracciones en las que pueda incurrir o de los perjuicios que pueda causar o causarse por la utilización del Web, quedando La Magdalena de Proust, exonerada de cualquier clase de responsabilidad que se pudiera derivar por las acciones del Usuario.
